= -5*h**3 - 10*h**2 + 2*h + 7. Let p(o) = 5*a(o) + 6*r(o). Let z = -7 + 14. Let v = z + -2. What is p(v)?
-6
Let z(k) = k**3 + 6*k**2 + 7*k - 2. Let m = -31 + 54. Let f be (-6 - 23 - -1)*(-1 - 0). Let v = m - f. Give z(v).
-12
Suppose 3*f + 20 = 7*f. Suppose -6 = -8*c + f*c. Let j(b) = -3 + 9 - 5 + c*b. Calculate j(-1).
-1
Let r(o) = o**3 + 6*o**2 + 7*o + 2. Suppose -22*p - 52 - 58 = 0. Determine r(p).
-8
Suppose 2*l + l = -27. Let y(k) = 7*k**2 + 13*k + 5. Let g(s) = -18*s**2 - 32*s - 13. Let w(x) = -5*g(x) - 13*y(x). Give w(l).
0
Let y = -149 - -148. Let f(w) = -16*w**3 - w**2 - w + 1. Determine f(y).
17
Let r(c) be the third derivative of c**5/20 + c**4/2 - 7*c**3/6 - 413*c**2. Determine r(-5).
8
Let c(i) = -i - 17. Suppose 1 = -13*y - 90. What is c(y)?
-10
Let s(t) = t + 3. Suppose 4*n = -2*o + 22 + 10, -5*n + 33 = -o. Let m(u) = u + 2. Let i be m(n). Let f = 5 - i. What is s(f)?
-1
Suppose 54 = -r - 18. Let t = 67 + r. Let k(a) = 2*a + 4. What is k(t)?
-6
Let p(v) be the third derivative of v**8/6720 - v**7/630 - 7*v**6/720 + v**5/30 + v**4/24 + 19*v**2. Let f(n) be the second derivative of p(n). What is f(5)?
-6
Suppose 17*w = 12*w + 6*w + 3. Let v(b) be the second derivative of b**4/12 + b**3/2 - b**2/2 - b. Give v(w).
-1
Suppose 0 = 2*x + a - 6, 4*x - 8 - 10 = a. Suppose -12 + x = 4*n. Let l(j) = j**3 + 4*j**2 + j + 1. Determine l(n).
7
Let c(u) = 1 + 4 + u**2 + 0*u**2 - 4*u - 9. Give c(8).
28
Let l(s) be the third derivative of s**6/120 - s**5/12 - 3*s**4/8 + 2*s**3/3 + 367*s**2 - s. What is l(6)?
-14
Let y(v) be the second derivative of 4*v + 1/6*v**4 + 1/2*v**2 - 1/20*v**5 + 0 + 0*v**3. Calculate y(2).
1
Let f(t) be the third derivative of -t**5/60 - t**4/24 - 3*t**2 - 3*t. Determine f(-4).
-12
Let m(z) = z**2 + 3*z + 3. Let v = 13 + -18. Let j be 0 + 1 + 4/(-2) + -1. Let p = v - j. Give m(p).
3
Let z = 5 + -2. Let g(c) = -4 + c + 7*c**2 + 0*c**3 - c**2 + c**3 - z*c. Let t(b) = 6*b + 48. Let q be t(-9). Give g(q).
8
Let s(p) be the third derivative of p**6/120 + p**5/60 - p**4/24 + 2*p**3 - p**2. Let k = 0 + 1. Let h be 4/(-16) + k/4. Determine s(h).
12
Let i(q) = -5*q. Let l be 3 - (-28)/(-4) - 34. Let u = l + 39. What is i(u)?
-5
Let o(v) = -1609*v + 1606*v + 2 + 3 - v**2 - 3. Give o(-4).
-2
Let o be (-65)/2*(-32)/80. Let m(t) = -o + 8 - t + 6. Give m(-2).
3
Let p = -5 - -7. Suppose 6 = 3*l - p*j - 0*j, 0 = -j. Let b(k) = -4 + 6*k**2 + k**l + k + k**3 - 2*k**2. What is b(-4)?
8
Let q(f) = 3*f - 14. Let a(g) = g**2 - 46*g + 509. Let m be a(18). Determine q(m).
1
Let z(k) be the second derivative of k**4/4 + k**3/3 - k**2/2 + 5*k. Let g be (1 - 2)*(1 + -2). Calculate z(g).
4
Let h(g) = 2*g - 4. Suppose 10*a - 3*y + 19 = 8*a, 5*y + 10 = -5*a. Determine h(a).
-14
Let c(b) = 3*b + 1 + 1 - 2*b. Let u = 6065 - 6067. What is c(u)?
0
Let n(x) be the first derivative of -x**3/3 + 5*x**2/2 + 8*x - 6. Let z be (3 + 1)*21/14. Give n(z).
2
Let g(u) = -8*u. Let v(d) = -d - 1. Suppose 6*t = -7*t - 130. Let h(y) = t*v(y) + g(y). Determine h(-7).
-4
Let i = 28 + -55. Let u = i - -33. Let n(l) = -5*l - 10. Let v(o) = 2*o + 5. Let h(a) = -4*n(a) - 9*v(a). What is h(u)?
7
Let s(m) be the third derivative of -m**4/24 + 6*m**2. Let f be s(4). Let w(t) = t**2 + 2*t - 3. Determine w(f).
5
Let n(l) = -l + 1. Let c = 25 - 15. Suppose y = -5*r + 31, c = -2*r + 4*r + y. Let m(g) = -g + 3. Let w be m(r). Give n(w).
5
Let v(t) = -t**3 - 4*t**2 + 14*t + 4. Suppose -50 = 3*y - 32. Give v(y).
-8
Let g(a) = a**3 - 9*a**2 + 3. Let d(s) = s**3 - 12*s**2 + s - 3. Let i be d(12). Give g(i).
3
Let n(b) = -b**2 + 3*b + 4. Let u(v) = 3*v + 37. Let j be u(-13). Determine n(j).
-6
Let k(y) = 10*y + 4 - 3*y - 4*y. Let t = -4 - -1. Let v be k(t). Let d(o) = o. Determine d(v).
-5
Let w(t) = 4*t**2 + 0*t + 5*t + 2*t**3 - 2 - 2 + 3. Let p(r) = -5*r**3 - 9*r**2 - 11*r + 2. Let h(b) = -4*p(b) - 9*w(b). Determine h(1).
2
Let w(g) = 8*g + 2. Let k be ((-18)/(-27))/((-16)/(-24)). What is w(k)?
10
Let g(p) = p**3 + 7*p**2 + 5. Let m = 37 - 32. Suppose 5*b = -m*u - 0*b, 0 = 3*u - 4*b - 14. Suppose 4*i = 2*f + 18, -u*f - i - 8 - 5 = 0. Calculate g(f).
5
Suppose -4*m = -7*m - 9. Let t(j) = 4*j**3 - 13*j**2 - 7*j + 2. Let h(r) = -r**3 + 2*r**2 + r - 1. Let k(g) = 5*h(g) + t(g). Calculate k(m).
3
Suppose 4*c = -3*k - 3, -4*c + 6*k = 2*k - 32. Suppose 4*h - 4 = 4. Suppose 2*q + 14 = -c*t, h*t + 12 = -3*q + q. Let l(f) = -f + 1. Calculate l(q).
5
Let a(f) be the third derivative of -f**6/120 + f**5/60 - f**4/12 + f**3/6 - 2*f**2. Let y = 260 - 258. What is a(y)?
-7
Let i(y) = -y**3 - 7*y**2 + 4*y - 8. Suppose -16 = 8*b + 40. Calculate i(b).
-36
Let y(o) = 3*o**2 + 5*o + 4. Let f be 3*-3 + 10/(-5). Let p(r) = -16*r**2 - 25*r - 21. Let u(k) = f*y(k) - 2*p(k). Suppose 5*m = m - 16. Determine u(m).
2
Let p(v) = 15*v**2 + 22*v - 9. Let u(t) = 11*t**2 + 15*t - 7. Let h(s) = -5*p(s) + 7*u(s). What is h(5)?
21
Let s(g) be the first derivative of -g**2 - 6 + g**3 + 1/12*g**4 + 0*g. Let d(i) be the second derivative of s(i). Give d(-4).
-2
Let g(x) = 332 - 115 - 112 - 106 + 7*x**2. What is g(1)?
6
Let k(t) be the second derivative of -10*t**3/3 - t**2/2 + 30*t. Let r = 17 - 18. Calculate k(r).
19
Let t = 1430 - 1428. Let r(j) be the third derivative of -1/12*j**4 + 1/120*j**6 + 1/20*j**5 + 4*j**t - 2/3*j**3 + 0*j + 0. Give r(-3).
2
Let r(v) = -7 + 2*v**2 + 0 + 104*v + 118*v - 314*v + 104*v. Determine r(-6).
-7
Let j(h) = -2*h - 7. Let c(p) = -p - 2. Let l(a) = 8*c(a) - 3*j(a). Suppose -5*u - 5 = -3*x, x + u - 7 = -0*x. Give l(x).
-5
Let g(u) = 2*u + u**3 + 3 + 0*u + 4*u**2 - 2*u**2 + 0*u**3. Let b be g(-2). Let z(v) = v - 8*v + 4*v + 2*v. Calculate z(b).
1
Suppose -4*o = 20 - 8. Suppose 0 = 2*u + 3*u + a + 27, -21 = u - 5*a. Let m = o - u. Let v(x) = 2*x + 2. Calculate v(m).
8
Let u be (1 + 3)*(-18)/(-8). Let f(i) = -i**2 - 2*i + 3. Let h(k) = 3*k**2 + 19*k - 25. Let p(w) = -4*f(w) - h(w). What is p(u)?
-5
Let i = 20 + -16. Let r(n) = 0 - i - 2 + 2*n + 7. Determine r(-5).
-9
Let c(u) be the third derivative of -u**4/24 + u**3/3 - 3*u**2. Suppose -18*n = -10*n + 32. Determine c(n).
6
Let u(d) be the second derivative of 1/12*d**4 - 4*d + 0*d**3 + 0 - 1/2*d**2. Suppose -y = -5*o + 5 - 15, 5*o = 5*y - 10. Determine u(y).
-1
Let h be 27 - -8 - 0/(-2). Let a = 39 - h. Let d(m) = -m**3 + 6*m**2 - 3*m - 3. What is d(a)?
17
Let d(n) be the second derivative of -2*n**5/5 - n**4/12 + n**2/2 + 54*n. Give d(-1).
8
Let n(s) = s**2 - s. Let h(o) = -8*o**3 - 6*o**2 + 3*o - 2. Let a(j) = h(j) + 5*n(j). What is a(-1)?
7
Let j(v) be the second derivative of v**6/360 - v**5/60 - 17*v**4/12 - 3*v. Let m(i) be the third derivative of j(i). Let n = 6 + -2. Determine m(n).
6
Suppose q - f = -529 + 533, -5*q = -f - 8. Let c(i) = i**3 + i**2 + 2. Let u be c(0). Let o(x) = -x**u - 2 + 3 + 10*x**3 + 0*x**2. Give o(q).
10
Let v(b) = 14 - 32 + 15 - 13*b + 4*b. Let j(h) = 19*h + 7. Let a(l) = 4*j(l) + 9*v(l). What is a(1)?
-4
Let y = 55 - 44. Let o(u) = 5 - y*u + 7*u + 9*u - 2. What is o(3)?
18
Let h(z) = -z**2 - 7*z + 1. Suppose -x = -3*m + 34, 5*m - 42 - 23 = 2*x. Let g be (-10)/x*(-15)/1. Calculate h(g).
7
Let i(v) = -2*v - 4. Suppose -29 - 22 = 4*m - 3*r, 0 = 2*m + r + 13. What is i(m)?
14
Let z(b) = -2*b - 6. Let x be z(-4). Let n(s) = -3 - 2 + 6*s + 4 - s**x. Suppose 0 = -10*u + 14*u + 4*p - 36, -5*p + 10 = -2*u. Give n(u).
4
Let x(o) = -o + 13. Suppose 5*b - 40 = -i, b - 6*b - 2*i + 40 = 0. Determine x(b).
5
Let b(w) = -16 + 235*w - 117*w - 119*w. Let l be b(-16). Let o(g) = g**3 - g**2 + g. Determine o(l).
0
Let b(a) = -a**3 - 16*a**2 + a + 15. Let m be b(-16). Let g(o) = -o. Let j(k) = -2*k - 1. Let x(l) = m*g(l) + j(l). Determine x(-1).
0
Let v(y) = -16*y**2 + 5*y + 29*y**2 - 10*y**2 + y**3 - 2*y + 5. Give v(-2).
3
Suppose -2*s = 1 - 5. Suppose 54 + 6 = 5*r - 5*p, 0 = -3*r + s*p + 34. Suppose 5*t + r = 3*t. Let x(l) = l**3 + 5*l**2 + 1. Give x(t).
1
Let o(b) = -b**2 - 5*b - 6. Suppose 122*x - 126*x + 276 = 0. Let s = -74 + x. What is o(s)?
-6
Let b(r) = -406*r + 202*r + 206*r. Calculate b(2).
4
Let d be (-3)/9 - 5/(-15). Let j(f) = 3*f + d*f + 6 - 1 - 8. Calculate j(2).
3
Let o(x) = 10*x**3 - 25*x**2 - 20*x - 16. Let t(j) = -3*j**3 + 8*j**2 + 7*j + 5. Let y(q) = 2*o(q) + 7*t(q). Determine y(7).
17
Let d(v) = 14*v**2